{"id":4,"date":"2023-03-09T10:23:10","date_gmt":"2023-03-09T09:23:10","guid":{"rendered":"https:\/\/www.cftc.fr\/adherer\/?page_id=4"},"modified":"2023-06-26T14:28:08","modified_gmt":"2023-06-26T12:28:08","slug":"adherer","status":"publish","type":"page","link":"https:\/\/www.cftc.fr\/adherer\/","title":{"rendered":"Adh\u00e9rer"},"content":{"rendered":"<p>Attention si vous \u00eates d\u00e9j\u00e0 adh\u00e9rent CFTC, veuillez contacter votre structure pour proc\u00e9der \u00e0 votre renouvellement.<br \/>\nSi vous \u00eates nouvel adh\u00e9rent, saisissez votre adresse email pour d\u00e9marrer l&rsquo;inscription :<\/p>\n","protected":false},"excerpt":{"rendered":"<p>Attention si vous \u00eates d\u00e9j\u00e0 adh\u00e9rent CFTC, veuillez contacter votre structure pour proc\u00e9der \u00e0 votre renouvellement. Si vous \u00eates nouvel adh\u00e9rent, saisissez votre adresse email pour d\u00e9marrer l&rsquo;inscription :<\/p>\n","protected":false},"author":2,"featured_media":0,"parent":0,"menu_order":0,"comment_status":"closed","ping_status":"closed","template":"tpl-adherer.php","meta":{"footnotes":""},"class_list":["post-4","page","type-page","status-publish","hentry"],"acf":[],"_links":{"self":[{"href":"https:\/\/www.cftc.fr\/adherer\/wp-json\/wp\/v2\/pages\/4","targetHints":{"allow":["GET"]}}],"collection":[{"href":"https:\/\/www.cftc.fr\/adherer\/wp-json\/wp\/v2\/pages"}],"about":[{"href":"https:\/\/www.cftc.fr\/adherer\/wp-json\/wp\/v2\/types\/page"}],"author":[{"embeddable":true,"href":"https:\/\/www.cftc.fr\/adherer\/wp-json\/wp\/v2\/users\/2"}],"replies":[{"embeddable":true,"href":"https:\/\/www.cftc.fr\/adherer\/wp-json\/wp\/v2\/comments?post=4"}],"version-history":[{"count":12,"href":"https:\/\/www.cftc.fr\/adherer\/wp-json\/wp\/v2\/pages\/4\/revisions"}],"predecessor-version":[{"id":135,"href":"https:\/\/www.cftc.fr\/adherer\/wp-json\/wp\/v2\/pages\/4\/revisions\/135"}],"wp:attachment":[{"href":"https:\/\/www.cftc.fr\/adherer\/wp-json\/wp\/v2\/media?parent=4"}],"curies":[{"name":"wp","href":"https:\/\/api.w.org\/{rel}","templated":true}]}}